rime?
True
Is 471421861 a prime number?
True
Is 7500767 a prime number?
True
Is 8400961 a composite number?
True
Is 34388857 a prime number?
True
Is 343099 composite?
True
Is 59364031 prime?
True
Is 33662407 a composite number?
True
Is 12324659 a composite number?
False
Is 8807061 a prime number?
False
Is 61855111 a prime number?
False
Is 8968789 a composite number?
False
Is 81610351 a prime number?
False
Is 42846421 a composite number?
False
Is 211457 a composite number?
False
Is 56081 composite?
False
Is 4761103 a composite number?
True
Is 3474091 composite?
True
Is 42537041 prime?
True
Is 5631943 composite?
False
Is 11441719 a prime number?
True
Is 172560383 prime?
False
Is 851479 prime?
False
Is 699951773 prime?
False
Is 11256977 prime?
True
Is 192133 prime?
True
Is 10839 a prime number?
False
Is 41306897 composite?
False
Is 81348143 prime?
False
Is 40154953 a composite number?
True
Is 31850635 a prime number?
False
Is 5667674 a prime number?
False
Is 58873067 composite?
True
Is 24440161 prime?
True
Is 2241527 a composite number?
False
Is 17510063 prime?
True
Is 11694947 a composite number?
True
Is 153659237 a composite number?
False
Is 302829 prime?
False
Is 37136147 a prime number?
False
Is 2293013 a prime number?
True
Is 468021 composite?
True
Is 29118701 a composite number?
False
Is 41809027 composite?
True
Is 19549421 composite?
True
Is 3303079 prime?
False
Is 50627701 composite?
True
Is 2146027 a prime number?
False
Is 33630527 a composite number?
True
Is 11824171 composite?
True
Is 12283643 prime?
True
Is 554060779 a composite number?
True
Is 19434053 a composite number?
False
Is 255377 prime?
False
Is 3968571 a composite number?
True
Is 59069041 prime?
True
Is 30120577 composite?
True
Is 13235363 composite?
False
Is 5239007 prime?
True
Is 741509 composite?
False
Is 37598593 composite?
False
Is 2346767 a prime number?
False
Is 9739297 a prime number?
True
Is 220072649 a prime number?
False
Is 22661591 a composite number?
False
Is 20374351 a prime number?
True
Is 595613 a composite number?
False
Is 16432807 composite?
False
Is 271475123 prime?
True
Is 13061751 prime?
False
Is 7633679 composite?
False
Is 755074 a composite number?
True
Is 746939 a composite number?
False
Is 3089407 composite?
False
Is 8364509 composite?
False
Is 4362286439 a composite number?
True
Is 9638953 a prime number?
True
Is 6252557 prime?
True
Is 63705143 composite?
False
Is 19266149 a composite number?
True
Is 17891807 prime?
True
Is 176322701 composite?
True
Is 103412923 a composite number?
False
Is 133956601 a prime number?
True
Is 4817795 composite?
True
Is 398303 a prime number?
True
Is 4427329 a prime number?
True
Is 33480329 prime?
True
Is 11646746 a composite number?
True
Is 2028017 composite?
False
Is 2932382 a composite number?
True
Is 36648809 a composite number?
False
Is 99682405 prime?
False
Is 291237371 prime?
False
Is 309452665 a composite number?
True
Is 192891395 composite?
True
Is 44837693 prime?
True
Is 228828583 composite?
True
Is 204108893 composite?
False
Is 88574527 a prime number?
True
Is 15358853 prime?
True
Is 889057 composite?
True
Is 75183239 a composite number?
False
Is 18148885 a composite number?
True
Is 97227847 prime?
False
Is 198874807 a prime number?
False
Is 7895929 a prime number?
True
Is 2697963 composite?
True
Is 592367 a composite number?
False
Is 43065201 a composite number?
True
Is 1845713 a prime number?
True
Is 2568919 composite?
True
Is 107455253 a composite number?
False
Is 33028397 a prime number?
True
Is 1600254767 a composite number?
True
Is 117031309 a composite number?
True
Is 376949 a prime number?
True
Is 36629 composite?
False
Is 575534441 prime?
True
Is 52199371 composite?
True
Is 3890491 prime?
False
Is 154226977 a prime number?
True
Is 197482399 a composite number?
True
Is 490753589 a composite number?
False
Is 3696059 prime?
True
Is 1490249 a prime number?
False
Is 2113901 a composite number?
False
Is 9454901 composite?
False
Is 107260349 a composite number?
True
Is 14049521 composite?
True
Is 135985891 prime?
True
Is 262968905 a prime number?
False
Is 3439103 a prime number?
False
Is 652931 composite?
False
Is 3275819 prime?
True
Is 80102161 prime?
True
Is 120648995 a composite number?
True
Is 8748673 composite?
False
Is 962414 a composite number?
True
Is 144989921 a composite number?
False
Is 22083573 composite?
True
Is 4966189 prime?
True
Is 2106361 composite?
False
Is 474809 prime?
True
Is 2042561 a composite number?
True
Is 9210203 prime?
True
Is 85398047 a composite number?
True
Is 1142787 a composite number?
True
Is 1762391 a prime number?
True
Is 2376929 a prime number?
True
Is 545079 a prime number?
False
Is 6346217 a prime number?
False
Is 67766599 a prime number?
False
Is 8400607 a prime number?
False
Is 123779957 a composite number?
True
Is 365003459 composite?
True
Is 779791 a prime number?
True
Is 309687887 a prime number?
True
Is 842473 prime?
True
Is 244891 a prime number?
False
Is 62907739 a composite number?
False
Is 141126299 a prime number?
False
Is 35696761 composite?
False
Is 111405053 prime?
True
Is 8017721 a prime number?
True
Is 9231203 prime?
True
Is 7583899 a composite number?
False
Is 54371807 a composite number?
True
Is 6350411 a prime number?
True
Is 257293247 a composite number?
False
Is 474011 a prime number?
False
Is 277483 a composite number?
False
Is 451177 prime?
True
Is 397581487 a prime number?
True
Is 85105151 a composite number?
False
Is 1199140113 composite?
True
Is 41241091 prime?
False
Is 381958 prime?
False
Is 64509491 composite?
False
Is 41716999 composite?
False
Is 35958511 a composite number?
True
Is 30734553 a prime number?
False
Is 25928093 prime?
True
Is 287127179 a prime number?
True
Is 22972498 prime?
False
Is 27523261 composite?
True
Is 207087079 a prime number?
True
Is 24117239 a prime number?
False
Is 141049463 prime?
True
Is 413244089 a prime number?
False
Is 2153813 a composite number?
False
Is 14725013 a composite number?
False
Is 51628499 prime?
False
Is 363751 prime?
True
Is 8073851 prime?
False
Is 11890873 prime?
True
Is 155330383 a prime number?
False
Is 13182943 prime?
False
Is 23787889 prime?
False
Is 31259 composite?
False
Is 1078403 composite?
False
Is 97208039 a composite number?
False
Is 35971751 a prime number?
True
Is 2624321 prime?
False
Is 177623 prime?
True
Is 22717861 a composite number?
False
Is 2602511 prime?
True
Is 24128333 prime?
True
Is 4842403 prime?
True
Is 148747 composite?
False
Is 3718441 a composite number?
True
Is 264217693 prime?
True
Is 66716717 a prime number?
False
Is 74796689 a prime number?
False
Is 13777331 composite?
False
Is 14623409 a composite number?
True
Is 487232693 a prime number?
True
Is 102666679 prime?
False
Is 22782147 prime?
False
Is 222653 a prime number?
False
Is 17984771 composite?
True
Is 16339579 a prime number?
False
Is 2286553 prime?
True
Is 1644413 composite?
False
Is 36205655 a prime number?
False
Is 10716529 prime?
True
Is 41540237 a composite number?
False
Is 8143423 a composite number?
True
Is 162023101 prime?
True
Is 415948045 a composite number?
True
Is 41475493 prime?
True
Is 1644255355 a prime number?
False
Is 475079 a composite number?
True
Is 88810709 composite?
True
Is 146716717 composite?
True
Is 59851927 a composite number?
False
Is 5315329 a prime number?
True
Is 3390689 prime?
True
Is 44558681 composite?
True
Is 20652865 a prime number?
False
Is 14928553 a composite number?
True
Is 20589403 composite?
True
Is 3803707 a prime number?
True
Is 135102613 a prime number?
False
Is 1395533 prime?
True
Is 924097 a composite number?
False
Is 27484799 a composite number?
False
Is 18265946 prime?
False
Is 24353939 composite?
True
Is 36098981 prime?
False
Is 566878477 prime?
False
Is 24218267 a composite number?
False
Is 55341061 a prime number?
False
Is 54126643 a composite number?
False
Is 496381 prime?
True
Is 18712531 a prime number?
True
Is 36083653 a prime number?
False
Is 10429373 composite?
True
Is 12399235 a composite number?
True
Is 61276433 composite?
False
Is 10789411 a composite number?
False
Is 992821 a prime number?
False
Is 10850141 prime?
True
Is 47532203 composite?
False
Is 84560169 composite?
True
Is 894779 prime?
True
Is 47914387 a prime number?
True
Is 16728862 